 value of -1 + -100 - (71 - 68) - -11 - -7?
-86
What is the value of 8 - (-21 - -7 - ((-8 + 3 - 2) + 4))?
19
-37 - -66 - (80 + -22)
-29
What is the value of (34 + -26 - 12) + (62 - 3) - 16?
39
73 - -106 - 145 - (-1 - 98)
133
What is the value of -62 + ((-27 - 7) + 25 - (6 - -2))?
-79
Calculate 31 + -8 - (65 + 23 + -35).
-30
Calculate 139 - (-49 + 188 + -62).
62
What is the value of (309 + -328 - (-6 - (4 + 0))) + (0 - 47)?
-56
265 + -277 - (-1 - -7 - (9 - 81))
-90
What is the value of -3 + -119 - (-130 - (-282 + 165))?
-109
Calculate -5 + 44 + (93 - 129) - -35.
38
Calculate -10 + 6 + 3 - (7 - (4 + -1)).
-5
(3 - -18) + -3 - (4 - (-9 + -8 + 14))
11
What is the value of (-20 - (30 - 24)) + -1 + -3 + 1?
-29
What is the value of -1 + (-10 - 2) - (-240 + 71 + 216)?
-60
What is -16 - (-31 + -19 + 21) - -1?
14
-79 + (224 + -230 - (-7 + 3 + -8))
-73
Evaluate -78 + (79 - 20) + (7 - 95).
-107
What is 69 - (-4 + (143 - 89))?
19
Evaluate -152 - (1 + -9 + -68).
-76
Evaluate 1 - (6 - 15) - -23 - -1.
34
What is 34 + 26 + -46 - ((-3 - -49) + 3)?
-35
What is -10 + (-57 - -35) + 109 - 6?
71
Evaluate (-57 - (-145 + 65)) + (-67 - 0).
-44
What is -73 - (-26 + -58 + 58)?
-47
Calculate (43 - 41) + 4 + (-5 - -38).
39
Calculate -31 + -14 + 102 - 112.
-55
26 - (-23 + 59 + (8 - 6))
-12
Evaluate 18 + (27 - 32) + -1 + -49.
-37
-32 + 13 - (-216 + 200)
-3
-21 + (-10 - -82 - 56)
-5
30 + (87 - (-21 - -76))
62
Calculate 0 + (-14 - -1) + -4 + -18.
-35
Evaluate 34 - (-35 + 44 + -6).
31
Calculate 463 + -445 + 0 + -24 + -7 + 1 + -2.
-14
-61 + 8 + 131 + -35
43
Evaluate (0 - -12) + -13 + (32 - 17 - 19) - -50.
45
Evaluate (-10 - 2) + (11 - 181 - -124).
-58
What is (-3 - (-18 - (10 - 20))) + -32?
-27
Calculate 0 + -24 - (-124 + 141 - 55).
14
What is the value of -38 + -5 + 5 - (-12 - (-10 - 17 - -10))?
-43
Evaluate -26 + (27 - 10) + (-11 - (-4 + -1)).
-15
What is (-1 - 3) + ((18 - -3) + -4 + -99 - -21)?
-65
What is (-51 - -14) + 68 - 98?
-67
What is 3 - 1 - ((-93 - -73) + -4 + (-6 - 11))?
43
Evaluate 15 + -117 + 26 + 10 - -21.
-45
What is the value of (-2 + -9 - -2) + 1 + 10 - 58?
-56
Evaluate (1 - 7 - (8 - (-22 - -28))) + 36.
28
-9 + (51 - 29) + -21
-8
(-8 - (4 + -12) - -13 - -5) + 11
29
What is the value of (-33 - (7 + -16)) + 16 + 0 + 14?
6
What is the value of (-45 - 16 - -6 - (-5 + 19)) + 12?
-57
What is (50 - 270) + 48 + 124?
-48
Calculate -54 + -4 + (228 - 215).
-45
Evaluate 127 - (93 - -91) - (-17 + 1).
-41
Calculate -11 + -1 + 4684 + -4609.
63
68 - (-38 - -8 - -129)
-31
Evaluate (244 - 250) + (1 - -9 - -1) + (-15 - 1).
-11
What is 40 + -2 + (9 - 12) + 28 + -25?
38
-2 + (-564 + 524 - (-10 + 1 + 1))
-34
Calculate -43 - (-1 - (180 + -93)).
45
What is 4 + -19 + 7 + (18 - 14) + (2 - 30)?
-32
Evaluate 19 - (3 - (11 + 5 + -9 - 6)).
17
31 + -4 + 10 + -47 + 94 + 1 + -11
74
Calculate (-112 - -31) + 48 - 16.
-49
What is the value of (-2 + 0 - -4) + (-3 - (-9 + 7) - 98)?
-97
Evaluate (1 - (0 - 52)) + -37 + 62 + -95 + 75.
58
Evaluate (-1 - 0 - -10) + 16 + -19 - (-157 - -224).
-61
Calculate -75 + 54 + (-9 + (4 - -18) - 49).
-57
What is the value of -49 - (21 + (-38 - -18 - 3)) - 11?
-58
What is the value of (-5 - 10) + 7 - (95 + -90 + 0 + 0)?
-13
What is the value of (-111 - 16) + 105 - (-1 + -20)?
-1
Calculate 20 + -7 + -42 + 81.
52
Calculate 120 + (-83 - -44 - -40 - -7).
128
What is 6 + 11 + -18 + 17 - -30?
46
What is (3 - (1 + (-3 - (1 + 60)))) + (-67 - -57)?
56
Evaluate -11 - (3 + -4 - 0) - (-478 - -464).
4
-49 - (-6 - 38 - -45 - 113)
63
Evaluate 5 + -30 - -59 - 8.
26
What is the value of 3 + 27 - (-1136 + 1203)?
-37
Evaluate -5 + 4 + (-2 - 2) + -30 + (-12 - -2).
-45
What is the value of 18 + -6 - (-18 - ((-8 - 17) + -13))?
-8
(2 - (11 - 13 - 6) - 1) + 9
18
Calculate 3 + (61 - 35) - (10 + -3 + 1).
21
Evaluate (1 + -2 - -15) + 17 + -23.
8
Evaluate -9 - (-16 + (6 - (-9 - 3)) + -3 + -9).
1
What is 87 + -149 + 113 - 29?
22
-2 - (5 + -37) - (4 - (13 + -21))
18
Calculate 268 - 275 - (-2 + 4 + -1 + -42).
34
-6 + -4 + (-3 - (4 - 14)) - 10
-13
Evaluate -90 + 37 - (-43 + -5).
-5
Evaluate 22 - (-38 + -34) - 62.
32
What is -11 - (-124 - (-14 + 2 - (-47 + 48) - -27))?
127
What is the value of -1 - -21 - (16 - -4 - (79 + -48) - -4)?
27
What is 2 - -13 - (15 - (-1 + -4))?
-5
What is the value of 98 - 42 - (-9 - -105)?
-40
Calculate -11 - ((-24 - -25 - 32) + 19).
1
What is the value of 44 - (-5 - -7) - (-21 - (-20 - (24 + -28)))?
47
What is -117 + 77 + 156 + 9?
125
Evaluate -46 + 10 + 13 + 11.
-12
-19 - 46 - (-209 + 114)
30
Evaluate 24 + -3 - (-78 - -135) - -7.
-29
What is the value of -3 + (1 - 65) - (-139 + 87 + 45)?
-60
Calculate 22 + (124 - 65 - (-6 - 4)).
91
What is the value of 40 + 13 + -71 + -26?
-44
What is (-5 - 8 - 3) + 22 + -6 + 9?
9
Evaluate 21 + (-13 - -7) - (-11 - -28).
-2
What is (-38 + 27 - -34) + -24 - (18 + -1)?
-18
4 + -1 - (472 + -445)
-24
What is the value of 54 + -1 - (-70 + (18 - -71))?
34
What is the value of -7 + -55 + (4 - ((11 - -4) + -5)) - -1?
-67
38 + -7 - 17 - ((11 - -1) + -43)
45
What is the value of (-60 - -1 - -30) + 9 - (-15 + 1)?
-6
What is the value of 43 - 47 - (-22 - -5 - -3) - -20?
30
5 - (3 + 60) - (-1130 - -1112)
-40
What is ((2 - -2) + 0 - -34) + (1503 - 1491)?
50
What is 86 - (8 + 73 - -52)?
-47
Evaluate -8 - -2 - (-87 - -46).
35
What is the value of 8553 - 8631 - (0 + -12)?
-66
-23 + (6 - -49) + (-24 - -36)
44
Calculate 3 + -8 + (-12 - (46 - 26)).
-37
-1 - (176 + -138 - (0 + 4 - 0))
-35
(-23 + -61 + 15 - -84) + -1 + -88
-74
Evaluate (-9 - 8) + 14 + 2 - (-27 + 3).
23
(95 - (-126 + 207)) + (3 - ((0 - -141) + -1))
-123
Calculate (-10 - -27 - 26) + (-51 - 6).
-66
-166 - (2 - (87 - -8))
-73
What is 143 + -75 - 50 - -15?
33
Calculate (-12 - (9 + -49 + 28)) + 5.
5
-4 - (93 + -53 - 30)
-14
What is the value of 10 + -3 + -1 - (2 - -2 - 14)?
16
289 + -160 + -227 + -26
-124
-18 + 35 + 1 + -39
-21
What is 94 + (176 - 129) + -76?
65
Calculate 3 + 132 - (2164 - 2084).
55
What is the value of (14 + 16 - 33 - 2) + 21?
16
-4 + (17 - 34) + 49
28
What is -1 - (-129 - -98 - -43)?
-13
What is -88 - (5 + (16 - (20 - 34 - -21)))?
-102
(23 - (13 + 15)) + -86 + 93
2
What is 114 - (-66 + 192) - (1 + (0 - 13))?
0
Calculate 27 + 6 + -16 + -75 + 28.
-30
What is -56 + 4 - 1 - (-16 - (-8 + 20 + -28))?
-53
What is (16 - 28 - -55) + 6 + -19?
30
What is the value of 28 - (-3 + (30 - -52) + -28)?
-23
(4 - 3) + -12 + 5 + -2 + 76
68
Calculate -23 + 11 + (44 - 59).
-27
What is the value of 15 - (-8 - -88 - 30)?
-35
(48 - 44) + (4 - (-5 - 7))
20
What is 25 + 87 + -123 + 0 + (3 - -1)?
-7
What is (56 - (21 - 115)) + -59?
91
Evaluate 27 + (24 - (-32 + 60) - -20).
43
What is the value of (7 - (6 - 8) - 4) + -1 + 3 + 4?
11
Evaluate (-13 + 0 - (19 + -8)) + -125 + 255.
106
What is 6 - (3 + 7) - (6 - 11 - 1 - -34)?
-32
155 + -144 + (8 + -8 - (2 - -11)) + -14
-16
Evaluate -203 + 205 + (-57 - (1 + 0 + (4 - 3))).
-57
22 + -29 + (42 - -7) + -4 + 0
38
What is (0 + 54 - 1) + (-471 - -433) + 41?
56
-47 + -143 + 91 + 40
-59
What is -94 + (-80 - -164) - (-52 + -1 + 0)?
43
What is the value of 36 + 25 + -111 + 69?
19
Calculate 0 + -13 + -4 - -1 - (-13 - (35 - 57)).
-25
What is the value of (3 - -12) + (3881 - 3999)?
-103
(3 - (56 + -118)) + 9 + 1 + -3 + 1
73
Evaluate 37 + (41 - 38 - -31).
71
Evaluate -1 - (0 + (17 - 18 - -24) + -17).
-7
What is 58 + 11 - (23 - -3)?
43
Calculate 263 + -325 + 1 + 45.
-16
Calculate -16 + 44 + (-27 - 10 - -20).
11
(1 - 3) + (0 - 1 - (-102 + (-38 - -54)))
83
2 + 21 + 1 + (71 - (48 - -37))
10
(38 - 23) + 79 + -14
80
What is the value of -118 + -119 + (-23 - -372)?
112
What is the value of (44 - (36 + -42)) + (-1 - 0)?
49
What is (0 - 2) + 4 + -442 + 426?
-14
What is the value of -19 + 38 - (-1 - -5 - (-8 - -20))?
27
Evaluate (-6 - (-3 + 0)) + -654 + 707.
50
Calculate -46 + 0 + -1 + -1 + -3 + -1808 + 1799.
-60
6 - (85 + -62 + 58)
-75
Calculate 11 - 13 - (0 + 0) - (69 + (-49 - -71)).
-93
What is 40 + 4 + ((-2 + 1 - -3) + 2 - 10)?
38
Evaluate -21 + 14 + (-17 - -18) + 15.
9
What is (3 - (-4 - -21)) + (15 - (-19 + 2))?
18
What is the value of (34 - (9 + -9)) + -10 + 29 + 3?
56
(2 + -3 - -36) + -136 + 151
50
Evaluate -10 + 18 - 22 - 22 - -10.
-26
What is (-14 - 1) + 47 - 14?
18
Evaluate -15 + -1 - (576 + -565).
-27
Evaluate (1 - (-3 - 2)) + 2 - (21 - (-20 + 45)).
12
Calculate (2 - 25) +